. Calculate the greatest common divisor of 2581 and d.
29
Let w(a) = 19*a**3 - a**2 + 1. Let y(g) = g**3 + g**2 - 1. Let x be y(1). Let h be w(x). What is the highest common factor of h and 247?
19
Let j be (68/8 + -7)/(1*9/30). What is the highest common factor of j and 2800?
5
Suppose 3*m = 4*m - 2, 5*m = -5*f + 1010. Suppose 117*d - 912 = 114*d. Let c be 946/38 - (-32)/d. Calculate the highest common divisor of f and c.
25
Let y be -6*(-13 - 51360/36). What is the highest common factor of y and 56?
14
Let k(w) = -12*w**2 + 939*w - 176. Let l be k(78). Calculate the highest common divisor of 3712 and l.
58
Let n = -726 + 873. Calculate the greatest common factor of n and 105.
21
Let r(f) = f**2 - 12*f + 7. Let v be r(12). Suppose -6*y - y = -v. What is the highest common divisor of 19 and y?
1
Suppose -2*j - 47 + 39 = 0. Let n be (-5 - -15) + j + 2. Let l be ((-20)/n)/(2/(-96)). What is the highest common divisor of 15 and l?
15
Suppose 0 = 17*n - 12*n - 10*n + 1400. Let y be 0/1 + (-80)/(-1). Calculate the greatest common factor of n and y.
40
Suppose 27*b = 30*b + 9, -24 = -3*o - 5*b. Let d(l) = -l**3 + 18*l**2 - 40*l - 25. Let j be d(o). Calculate the highest common divisor of 6 and j.
6
Let k(p) = p**2 - 11*p + 25. Let c be k(3). Let l be ((-14574)/30 + c/(-5))*-1. What is the greatest common factor of l and 54?
54
Let v = 15 - 8. Let m = v - -11. Let n be (m/30)/((-3)/(-15)). Calculate the highest common factor of 12 and n.
3
Let g(i) = i + 23. Let f be g(0). Let a be 3966/(-14) + 24/84. Let d = a - -467. What is the greatest common factor of d and f?
23
Suppose -12*p + 13*p + 2*z - 191 = 0, -p + 203 = -z. Let d = -124 + p. Calculate the greatest common factor of 6 and d.
3
Let f = 2802 - 1911. Calculate the greatest common divisor of f and 407.
11
Let h = -7898 + 9933. Calculate the greatest common divisor of h and 33.
11
Let d(a) be the second derivative of -a**4/12 + 19*a**3/3 + 147*a**2/2 - 61*a. Let w be d(41). What is the highest common divisor of 92 and w?
4
Suppose 40 = 14*m - 6*m. Suppose 5*c - 40 = -s, -s + 6*s - 200 = -m*c. Calculate the greatest common divisor of s and 32.
8
Let x(d) = -135*d - 4247. Let g be x(-34). What is the greatest common divisor of g and 3283?
49
Let h(v) = v**2 + 4*v + 5. Let a be h(0). Suppose -20 = -4*j + 5*f, 0*j + 6 = j - f. Calculate the greatest common factor of a and j.
5
Let k be ((-44)/(-5))/(12/210). Let o = 620 - 598. What is the greatest common factor of o and k?
22
Let v = -11272 + 12087. Calculate the greatest common divisor of 5 and v.
5
Suppose -n - t + 5 = -3*n, 2*t + 8 = -2*n. Let b be n + 2/(4/26). Suppose -14 = -8*d + 146. What is the greatest common factor of d and b?
10
Let w be -11 + ((-298008)/(-24) - (-6)/1). What is the greatest common factor of w and 116?
116
Let b be (35/(-10))/((-1)/254*1). Suppose -10*x = -3*x - b. Suppose x + 47 = 6*m. Calculate the highest common divisor of m and 116.
29
Let r be 1/(-6) + 72516/72. Calculate the greatest common factor of r and 265.
53
Let u = 98 - 78. Suppose u*a - 14*a - 300 = 0. Suppose -5*t - 175 = -2*j, -2*j + 3*t + 109 = -56. What is the highest common factor of j and a?
25
Let n = 14480 + -14337. What is the greatest common divisor of n and 13?
13
Suppose -v + 38 = 2*v - 100. What is the highest common divisor of v and 138?
46
Let t be (-112 + 6 + 0)/(-6 - (-25)/5). Calculate the highest common divisor of t and 11819.
53
Suppose 0*v - 15 = -5*v - u, 3*v - 3*u - 27 = 0. Suppose 5*b - 4*l - 262 = 0, -b + 35 = l + v*l. What is the greatest common divisor of b and 10?
10
Let s(f) = f**2 - 8*f + 7. Let m be s(7). Suppose -5*t - v = -45, 4*t - 2*v = -m*v + 50. Let x = -26 + 36. What is the highest common factor of t and x?
10
Let c be 2*((-222)/(-12) - 0). Suppose 0 = -5*j + 1448 + c. Calculate the greatest common divisor of 11 and j.
11
Let u be (22882/26)/1 - 542/7046. What is the highest common divisor of 209 and u?
11
Suppose 0*m - 6 = -3*m. Suppose 0 = -m*a - 2*a + 16. Let o(c) = 4*c**2 + 2*c - 6. Let r be o(a). Calculate the highest common factor of r and 6.
6
Let z(j) = -25*j + 11. Let m be z(0). Suppose u = 2*r + 57, 6*u - u = -r + 274. Calculate the highest common factor of u and m.
11
Let i(g) = -658*g + 157949. Let x be i(240). Let p(v) = 79*v**2 - v + 1. Let h be p(-2). What is the greatest common factor of x and h?
29
Let p = 15 - 5. Let h(a) = -a**2 + 11*a - 9. Let u be h(p). Let i(q) = q**3 - q**2 + 1. Let n be i(u). Calculate the greatest common divisor of 7 and n.
1
Let i(f) = 20*f - 95. Let d(p) = 7*p - 32. Let n(v) = 17*d(v) - 6*i(v). Let a be n(0). Let s = -12533 - -12546. Calculate the highest common divisor of s and a.
13
Let z = -7 + 12. Suppose 120 = 5*v - z*r, 3*r + 34 = v + 4. Let j be (-294)/(-48) + -6 - (-6715)/40. What is the greatest common divisor of v and j?
21
Let h = -44 + -42. Let j be h/2 - (2 + 3). Let d = -36 - j. What is the greatest common factor of 84 and d?
12
Let p = 282 - 255. Let o(j) = 21*j**2 + j. Let m be o(-5). Let q = -331 + m. Calculate the greatest common divisor of q and p.
27
Suppose -64*i = -89*i + 70*i - 293265. What is the highest common factor of i and 798?
133
Let n(h) = -h**3 + 13*h**2 + 10*h - 140. Let l be n(10). Calculate the highest common divisor of l and 470.
10
Let p = -130 + -162. Let b = -228 - p. What is the greatest common divisor of b and 240?
16
Let w(v) = -v**3 + 19*v**2 - 17*v - 21. Let t be w(18). Let g be ((-231)/22)/(t/56). What is the highest common factor of g and 28?
28
Suppose 0 = -5*u + 7*y - 3*y - 36, -5*u - 2*y - 12 = 0. Let l(v) = -34*v - 94. Let k be l(u). Calculate the highest common factor of k and 21.
21
Let d(u) = -8*u**2 + 12*u**2 + 3 - 5*u - 2*u**2. Let p be d(3). Suppose -8 - 12 = -3*v + 5*r, -2*v + p = 4*r. Calculate the greatest common factor of 5 and v.
5
Suppose 1269 = 5*n + 4*j, -26*n + j = -28*n + 507. What is the highest common factor of n and 989?
23
Suppose -2*b + 362 = -5*d, 5*b + 142 = -d + 1074. Calculate the greatest common factor of b and 7130.
62
Suppose -77*w = -74*w, 0 = -3*q - 2*w + 15594. Calculate the highest common factor of q and 46.
46
Let v = -108 - -223. Suppose -3*h = -196 + v. Calculate the highest common divisor of 54 and h.
27
Let t be 8 + 290*(-10)/(-20). What is the highest common divisor of 72 and t?
9
Let m be 4896/(-828) + 4/(-46) + 285. What is the greatest common divisor of 4278 and m?
93
Let v(x) = 4*x - 32. Let b be v(17). Suppose 126*d - 540 = 123*d. What is the greatest common divisor of d and b?
36
Let s(c) = c**2 + 152*c - 3817. Let n be s(22). What is the greatest common factor of n and 1111?
11
Let f = -214 - -236. Let r(v) = -v**3 + 24*v**2 - 41*v - 46. Let k be r(f). Calculate the greatest common factor of k and 600.
20
Let w(o) = -2228*o + 1392. Let i be w(-2). What is the greatest common factor of 516 and i?
172
Let l be 126/36*(-6)/(0 - 1). Suppose -4*b - 224 = -4*y, -4*y + 16*b - l*b + 206 = 0. Calculate the highest common factor of y and 6.
6
Let a = -143 + 147. Let o be 2*((-15)/10 + a). Calculate the greatest common divisor of 160 and o.
5
Suppose 2*a - 1520 + 289 = x, 2*x = 5*a - 3077. Calculate the highest common factor of 3280 and a.
205
Let h be (-16)/(24/(-9)*1/36). Let j be ((-19)/((-855)/h))/((-2)/(-45)). Calculate the highest common factor of j and 60.
12
Let c(o) = -o**3 + 2*o**2 + 8*o - 6. Let r be c(5). Let d = 42 + r. Let g be (0 + d)*(-2 - -4). What is the greatest common divisor of g and 1?
1
Let u = -20621 - -22322. Calculate the highest common divisor of 810 and u.
81
Let x = 5717 - 5634. Calculate the highest common factor of 8383 and x.
83
Let n(g) = g**2 - 10*g - 5. Let m be n(20). Suppose 4*w + 3*h = m, -5*w - h = -112 - 129. Suppose 82 + w = 5*j. Calculate the highest common factor of 52 and j.
26
Let l(u) = -u**3 - 2*u**2 + 12*u + 31. Let w be l(-3). Let d be 5740/25 + 4 + w/10. What is the greatest common factor of 36 and d?
18
Let j(t) = -t - 4. Let o be j(-8). Let c be 98/6 + (-4)/12. Let h be (-12)/(-10)*(-2 - c/(-3)). Calculate the highest common divisor of h and o.
4
Let q be 6*-1*-2 - (-1 - 0). Suppose -5*k + 7 + q = 0. Suppose -3*a + 2*j = -84, k*a + 2*j = 5*a - 24. What is the greatest common divisor of a and 6?
6
Suppose -150*d = -107*d - 645. Calculate t